l be v(3). Let z(g) = g**3 + g**2 - 4*g - 1. Let c be z(-3). What is the units digit of (-6)/(-42) - l/c?
0
Let x = -135 + 132. What is the tens digit of 78 - (9/x - -1)?
8
Let v = -9311 + 14827. What is the hundreds digit of v?
5
Let z(s) = 3*s + 31. Suppose 0 = 3*d - 7*d - c + 52, -13 = -d - 5*c. What is the tens digit of z(d)?
7
Let u(x) = 3*x**3 - 2*x**2 - 4*x + 3. Let g be u(5). Suppose b = 3*b - g. What is the hundreds digit of b?
1
Let f = 9059 + -4051. What is the tens digit of f?
0
Let t = -35 + 39. Suppose t*l - 23 = -4*g + 17, 4 = -g. What is the tens digit of 8240/70 - (-4)/l?
1
Suppose -13*s + 2860 = 585. Suppose 183*u = s*u + 5024. What is the tens digit of u?
2
Suppose -2*s - 1107760 = -4*s - 14*s. What is the units digit of s?
5
Let u(o) = -13*o**3 + o. Let y be u(-1). Suppose 115 = 4*m + v, -y + 87 = 3*m + 3*v. What is the tens digit of (-4 - (m + -3))*-1?
3
Let z = 192 - -515. Suppose -49*c = -42*c - z. What is the tens digit of c?
0
Suppose 4*b - 3*j - 31618 = -7761, 4*b - 23862 = -2*j. What is the hundreds digit of b?
9
Let t = 1455 + -312. Suppose -4*k + 33 = 4*i - t, -k + 2*i = -285. What is the tens digit of k?
9
Let k(i) = -11*i**3 - 4*i**2 - 4*i + 2. Let x be k(-2). Let m = 30 - x. What is the tens digit of (-6440)/m - 6/(-39)?
2
What is the thousands digit of ((-1)/4)/((-40)/384)*1495?
3
Let l(g) = 327*g**2 + 81*g + 78. What is the units digit of l(-8)?
8
Suppose -z + 5*o = 17, -z + o = 18 - 5. What is the units digit of 2 - 3 - (z + -318)?
9
Let b(v) = 2*v**3 - 27*v**2 + 237*v + 38. What is the thousands digit of b(19)?
8
Let t = 2452 + -605. What is the thousands digit of t?
1
Suppose -7*u + 70 = 7*u. Suppose -u*c - 16 = -1866. What is the hundreds digit of c?
3
Let r(a) = -151*a**3. Let n be r(-1). Let y(d) = 2*d. Let i be y(1). Suppose -b + 0*w - i*w + 35 = 0, -4*b + n = -3*w. What is the units digit of b?
7
Let h = 1030 - 583. Let i = h - 347. What is the hundreds digit of i?
1
Suppose -11*j = -64*j. Let w(q) = -4*q**3 + 3*q**2 - 10*q + 53. Let u(c) = -c**3 + c**2 - 3*c + 18. Let t(g) = 7*u(g) - 2*w(g). What is the units digit of t(j)?
0
Suppose -134*y - 20 = -129*y, 2*j - 10578 = -5*y. Suppose 318*h - 311*h - j = 0. What is the units digit of h?
7
Let x(r) be the third derivative of 2*r**5/5 + 7*r**4/24 + r**3 - 3*r**2 - 1. What is the units digit of x(-2)?
8
Let h(u) = -u**3 + 3*u**2 + 5*u + 5. Let z be (-1)/(1/(4*(1 - 2))). Let c be h(z). Suppose 29 = r - c. What is the units digit of r?
8
Suppose 114 = 10*v - 16. Suppose -16*w + 108 = -v*w. What is the units digit of 3/(-27) + 3712/w?
3
Let y(v) = 7*v**2 - 6*v + 37. Let m be y(5). Suppose 0 = 177*p - m*p + 1480. What is the hundreds digit of p?
2
What is the hundreds digit of (208500/(-40) - 1/(-2))/(10/(-20))?
4
Let b(l) = -l**3 + 19*l**2 + 1 + 4*l - 12*l**2 + 2*l**3. Let h be b(-8). Let p = h - -213. What is the tens digit of p?
1
Let f(d) = -d**3 - 3*d**2 + 8*d + 20. Let y be f(-4). Suppose -5*t = -3*q + q + 888, t = y*q - 1794. What is the tens digit of q?
4
Let t(z) = -z**3 + 4*z**2 + 7*z - 16. Let a be t(5). Let g(h) = -2*h**3 - 8*h**2 - 8*h + 2. What is the hundreds digit of g(a)?
1
Let r(n) = 4*n**2 + 20*n + 2. Let o be r(-5). Suppose 5*b = -o*i + i + 3754, i - 3003 = -4*b. What is the tens digit of b?
5
Let m = 51 + 1310. Let h = 2719 - m. What is the units digit of h?
8
What is the tens digit of 3*2410*9/(-12)*(-140)/42?
7
Let q = -8964 + 18183. What is the thousands digit of q?
9
Suppose -5*h + 3*u + 311426 = 0, -10*h + 15*h = 2*u + 311424. What is the units digit of h?
4
Let j(g) = -4*g**3 - 4*g**2 + 3*g + 28. Let h be j(-5). What is the tens digit of (-7709)/(-7) + (-118)/h?
0
Let j = 50 - 153. Let y = -103 - -8. Let w = y - j. What is the units digit of w?
8
Let r be 17*2/4 - (-117)/78. Suppose -r*b + 2243 = -527. What is the tens digit of b?
7
Suppose 180 = 13*i - 39*i - 10*i. Let n(l) = -l**3 + 4*l**2 - 18*l + 9. Let t(d) = d**3 - d**2. Let v(y) = n(y) + 2*t(y). What is the tens digit of v(i)?
2
Let n(h) = h**3 - 12*h**2 + 13*h - 7. Let o(a) = 14*a**2 - 4*a + 2. Let i be o(2). Let q = -39 + i. What is the units digit of n(q)?
5
Let f = 108 - 92. What is the units digit of 1466/4 - 40/f?
4
Suppose -3*c = -4*z, 4*c = -5*z - 25 - 6. Let n = 1 - c. Suppose 0 = -n*w - 2*a + 270, -66 = -0*w - w + 2*a. What is the tens digit of w?
5
Suppose 0*f = -18*f. Suppose 3*x + 4*i - 828 = f, 3*x + 0*x = -i + 828. Suppose 0 = 4*u + 100 - x. What is the tens digit of u?
4
Let l(d) = d**2 + 18*d + 36. Let h be l(-16). Let g be 3 + h/((-8)/6). Suppose 3*r + 83 - 95 = g. What is the units digit of r?
4
Let s = 359 - 355. Suppose 0 = -w - 5*v + 518, w = v - s*v + 522. What is the tens digit of w?
2
Let i = 242 - 272. What is the hundreds digit of (116/i)/(3/(-15))*6?
1
Let s(n) = -296*n + 6. Let b be s(-2). Suppose -5*j = -2*t - 592 - 157, -t - b = -4*j. Suppose 4*r - j = 323. What is the hundreds digit of r?
1
Suppose -8187900 = -91*x - 6*x - 148*x. What is the hundreds digit of x?
4
Suppose -5*a + 37 = -6*a. Let r = a + 53. Suppose 19*v = r*v + 96. What is the tens digit of v?
3
Let h be (-1)/(-8) + 177825/(-200). Let b = h + 2086. What is the units digit of b?
7
Suppose 2*a = -12*q + 37504, 4*q - 18776 = -a - 36. What is the ten thousands digit of a?
1
Suppose -414 = -4*z + b, 22 = -z - 3*b + 132. Let l = 253 + -174. Suppose 4*j - 5*h = z, 3*j - l = -h + 5*h. What is the tens digit of j?
2
Let t = -405 + -152. Let o = -525 - t. What is the units digit of o?
2
Suppose 3*f = t - 6*t + 7, 0 = -4*t - f + 7. Suppose 7122 = 5*k - t*s, s = 3*k + 2421 - 6695. What is the tens digit of (-4)/((-104)/k) - 10/(-65)?
5
Let o(c) = 3*c. Suppose 14*y - 37 = 5. What is the units digit of o(y)?
9
Let r(z) = 2*z**3 + 2*z**2 - 2. Let m be r(1). Suppose -2*h - m = -10. What is the tens digit of 66*5/h + (-12)/8?
8
Let z(g) = 2*g. Let q be z(-4). Let n = 1461 - 1707. What is the units digit of (2 + q/(-6))*n/(-5)?
4
Let l be ((-2)/(-5))/((-3)/(-135)*3). Suppose 3*c - l*c - 6 = 0. What is the units digit of (c/1 + 63)*2?
2
Let s(z) = 29*z - 426. Let p be s(15). What is the units digit of (-18132)/p*12/(-16)?
1
Suppose -236 = -5*o + 3*g - 5*g, -2*o + 3*g + 83 = 0. Suppose -s - 57 - o = -z, -s = 3*z - 297. Suppose z = 2*n - 274. What is the tens digit of n?
8
Let f(c) = -c**3 + 24*c**2 + 38*c - 20. What is the hundreds digit of f(15)?
5
Suppose 3*x + 4*z = -354, -4*x - 5*z - 459 = -4*z. Let b = x - -450. What is the hundreds digit of b?
3
Let r = 3608 + -5495. Let b = -919 - r. What is the units digit of b?
8
Let x = -52 + 30. Let h be (-4 - 210/(-55)) + 2394/x. Let o = h - -204. What is the units digit of o?
5
What is the units digit of 10/(-12 + (-5980)/(-498))?
5
Let w be (216/42)/((-24)/(-4144)). Suppose 0 = 202*y - 198*y - w. What is the tens digit of y?
2
Let s(y) = -905*y**2 - 3*y + 2. Let r(p) = 1808*p**2 + 7*p - 4. Let j(t) = -2*r(t) - 5*s(t). What is the hundreds digit of j(1)?
9
Let q(g) = -4*g - 16. Let v be q(-6). Let c = -20 + v. What is the units digit of ((-9)/(-6))/(c/(-272))?
4
Suppose 4*i - 5*r = 131333, -3*i - 2*i + 164155 = -4*r. What is the units digit of i?
7
Let f(u) = -2*u**3 + 20*u**2 - u + 28. Let i be f(10). Suppose -46 = i*v - 100. What is the units digit of v?
3
Let o(c) be the third derivative of c**5/15 + 5*c**4/4 - 19*c**3/6 - 2*c**2. What is the tens digit of o(6)?
0
Let f(v) = v**2 + 11*v - 10. Let d be f(-12). Let j = 10 - 4. Suppose -d*h + j = 0, 2*h + 401 + 58 = 5*b. What is the units digit of b?
3
Let z(u) = u**3 - 7*u**2 - 10. Let x(v) be the second derivative of -v**4/12 - v**3/3 + 4*v**2 + 23*v. Let w be x(0). What is the units digit of z(w)?
4
Suppose 3*v - 166955 = 4*j, 26 = -j + 24. What is the hundreds digit of v?
6
Suppose 11*w - 4338 = 8939. What is the tens digit of w?
0
Suppose 43114 = 3*z - c, 0 = 5*c - c + 4. What is the units digit of z?
1
Let k = -15902 + 31291. What is the ten thousands digit of k?
1
Suppose 95587 = -10*o + 613187. What is the tens digit of o?
6
Let j(u) = 504*u**2 - 278*u - 23. What is the ten thousands digit of j(6)?
1
Suppose 4*g = -y + 585, 6*y - 25 = y. Let k = g + 422. What is the tens digit of k?
6
Suppose 0 = 3*o + 2*r - 20576, 4*r - 6 = -26. What is the tens digit of o?
6
Suppose -4*i + 2*i + 24 = 0. Su